the greatest common factor of 2409 and 14016?
219
What is the highest common divisor of 6817977 and 9?
9
Calculate the highest common divisor of 65060 and 190.
10
What is the greatest common divisor of 716 and 262?
2
What is the highest common factor of 15096 and 31672?
296
What is the highest common divisor of 2512 and 232?
8
Calculate the highest common divisor of 107 and 5686943.
107
What is the highest common factor of 3856588 and 5172?
1724
What is the greatest common divisor of 93526 and 404?
202
What is the greatest common factor of 28 and 10496?
4
What is the greatest common factor of 66125 and 125?
125
What is the highest common factor of 1848 and 3135?
33
Calculate the highest common divisor of 37025 and 255.
5
Calculate the greatest common factor of 1194 and 115221.
597
What is the highest common divisor of 2655 and 1416?
177
Calculate the greatest common divisor of 55700 and 900.
100
What is the greatest common divisor of 784 and 432?
16
Calculate the greatest common factor of 1595 and 8855.
55
What is the greatest common divisor of 1097 and 2104046?
1097
Calculate the highest common factor of 147668 and 38.
38
Calculate the greatest common divisor of 338 and 8723.
13
What is the greatest common factor of 2945 and 79135?
95
Calculate the greatest common factor of 104 and 3302.
26
Calculate the highest common divisor of 7722 and 2508.
66
What is the greatest common divisor of 39742 and 361524?
1282
What is the greatest common factor of 2224 and 272?
16
What is the highest common factor of 19 and 3365299?
19
Calculate the greatest common divisor of 3304470 and 6.
6
Calculate the highest common divisor of 3190878 and 1318.
1318
What is the greatest common divisor of 1 and 1278?
1
What is the greatest common factor of 4374 and 20682?
54
Calculate the greatest common factor of 6 and 807078.
6
What is the highest common divisor of 972 and 5904?
36
What is the greatest common divisor of 3825 and 14688?
153
Calculate the greatest common divisor of 38064 and 6588.
732
Calculate the highest common divisor of 42 and 2122036.
14
Calculate the greatest common factor of 249639 and 689.
13
Calculate the greatest common divisor of 69591 and 6.
3
What is the highest common divisor of 236 and 823994?
118
Calculate the highest common divisor of 4807 and 38247.
209
What is the highest common divisor of 629 and 8143?
17
What is the highest common factor of 960 and 2220?
60
What is the highest common divisor of 40 and 3916?
4
What is the highest common factor of 330 and 384?
6
What is the highest common divisor of 64 and 50724?
4
Calculate the highest common factor of 175632 and 3.
3
What is the highest common factor of 850 and 153350?
50
Calculate the greatest common factor of 36 and 77292.
36
Calculate the highest common factor of 14 and 453761.
7
Calculate the highest common factor of 1066 and 3854.
82
What is the highest common factor of 45 and 410505?
15
What is the greatest common divisor of 289 and 201977?
17
What is the highest common divisor of 46846 and 78209?
397
What is the greatest common divisor of 7000 and 1997800?
1400
Calculate the highest common factor of 14072 and 8.
8
Calculate the greatest common factor of 16628 and 12.
4
Calculate the highest common factor of 4512 and 5180904.
1128
Calculate the greatest common divisor of 105 and 64715.
35
Calculate the highest common factor of 27 and 4194.
9
Calculate the greatest common factor of 45862 and 506.
46
What is the highest common factor of 52040 and 160?
40
What is the greatest common divisor of 721206 and 42642?
1854
What is the highest common factor of 348 and 1320?
12
What is the highest common factor of 32 and 256288?
32
Calculate the highest common factor of 1550 and 5735.
155
What is the highest common factor of 2089280 and 260?
20
Calculate the highest common factor of 8 and 26294.
2
What is the highest common factor of 72 and 4168?
8
Calculate the greatest common divisor of 4588 and 116.
4
What is the highest common factor of 17877191 and 577?
577
What is the greatest common factor of 294882 and 118?
118
Calculate the highest common factor of 25 and 40405.
5
What is the highest common divisor of 12 and 103266?
6
Calculate the greatest common divisor of 310 and 10478.
62
Calculate the greatest common divisor of 78444 and 36.
36
What is the highest common factor of 44 and 87934?
22
What is the greatest common divisor of 1457932 and 7?
7
Calculate the greatest common factor of 70 and 514390.
10
Calculate the highest common factor of 3096 and 513592.
344
What is the greatest common divisor of 4 and 266?
2
What is the greatest common factor of 16036 and 7174?
422
What is the greatest common divisor of 1880 and 5828?
188
Calculate the greatest common divisor of 424 and 55279.
53
Calculate the highest common factor of 2618 and 308.
154
What is the greatest common divisor of 783 and 6588?
27
Calculate the highest common divisor of 47878 and 74.
74
Calculate the greatest common divisor of 2346 and 33948.
138
Calculate the greatest common factor of 134991 and 9381.
159
Calculate the greatest common divisor of 29478 and 2890.
578
What is the greatest common divisor of 8664 and 38?
38
Calculate the highest common divisor of 83527 and 606.
101
What is the highest common factor of 2004 and 410152?
668
What is the highest common factor of 24610 and 110?
10
What is the highest common factor of 21645 and 23643?
333
Calculate the highest common divisor of 51502 and 22.
22
Calculate the highest common divisor of 12560 and 10480.
80
What is the highest common factor of 735 and 5795?
5
What is the highest common divisor of 145574 and 1001?
143
What is the greatest common divisor of 112705 and 5?
5
Calculate the highest common factor of 1600 and 720960.
320
Calculate the highest common factor of 904 and 1708334.
226
Calculate the highest common factor of 4676 and 140.
28
What is the greatest common factor of 2046675 and 525?
75
What is the greatest common factor of 56837 and 22?
11
Calculate the greatest common factor of 759 and 13409.
253
Calculate the highest common factor of 75 and 4575.
75
What is the greatest common divisor of 6093 and 48?
3
Calculate the greatest common factor of 28801 and 415.
83
Calculate the highest common factor of 44551 and 25415.
299
Calculate the greatest common factor of 180 and 8310.
30
Calculate the highest common factor of 28829 and 381.
127
Calculate the greatest common factor of 3156 and 11309.
263
What is the greatest common factor of 52239 and 957?
33
What is the highest common factor of 2 and 10977?
1
What is the highest common factor of 6008940 and 2565?
855
Calculate the greatest common factor of 2926 and 304836.
266
Calculate the highest common divisor of 11888 and 20.
4
What is the highest common factor of 1293 and 4292760?
1293
Calculate the greatest common divisor of 509246 and 2.
2
What is the greatest common factor of 25773 and 71?
71
Calculate the greatest common divisor of 564 and 612.
12
What is the greatest common divisor of 129 and 66?
3
What is the highest common divisor of 968 and 766172?
484
Calculate the highest common factor of 391 and 91931.
23
Calculate the highest common divisor of 1881 and 143583.
627
What is the greatest common divisor of 11445 and 11130?
105
Calculate the highest common factor of 79920 and 1890.
270
Calculate the greatest common factor of 1398 and 9750.
6
Calculate the highest common factor of 61424 and 8756.
44
What is the greatest common factor of 275127 and 586?
293
Calculate the highest common factor of 84624 and 7134.
246
Calculate the greatest common factor of 113150 and 250.
50
What is the highest common divisor of 7443 and 1359?
9
What is the highest common factor of 274142 and 136?
34
Calculate the highest common divisor of 7566 and 559.
13
Calculate the highest common factor of 67156 and 11736.
652
What is the highest common factor of 13601 and 9947?
203
Calculate the highest common divisor of 2000 and 184900.
100
Calculate the greatest common divisor of 786313 and 253.
11
What is the greatest common factor of 704 and 9119?
11
What is the highest common divisor of 462 and 6384?
42
Calculate the greatest common divisor of 5572952 and 88.
88
Calculate the greatest common factor of 783968 and 64.
32
Calculate